5 - 5866) + (-20 - 1)?
-62
Evaluate (-2 - 41) + -24 + 49 + -17 + -8.
-43
What is 6 + 0 + -6 + -13 + (-10 - -26) - -29?
32
What is 90 + (-59 - -96 - 50)?
77
-14 + (-52 - -34) + -4 + -4 + 4
-36
What is 1 + -5 + -1 + -15 + 8 + -10 + 4?
-18
Evaluate 42 + 1 + -3 + 9 + -2367 + 2368.
50
43 - (17 + -19 + 4 - (19 - 17))
43
Evaluate -31 - (3 - 15 - 36).
17
3 + 20 + (81 - 135)
-31
What is the value of 3866 + -3925 + (83 - -1)?
25
-1 + 31 + (79 - (66 + -55))
98
What is the value of ((-3 - 6) + 8 - (9 + 0)) + (145 - 151)?
-16
What is 36 + 21 + -49 - 46?
-38
Calculate 71 + (-2 - -4) - (12510 - 12524).
87
What is the value of (31 - 35) + 19 - -19?
34
Calculate 65 - (-64 + 91) - -6.
44
67 - (-25 + 49 + 1 + -2)
44
What is (-28 - (-105 - (-1 - -29))) + -28?
77
What is -43 + ((-1 - -12) + 2 + -7 - 7) + 9?
-35
What is (-2 - -21 - (-27 + 35)) + 2 + (-111 - 6)?
-104
What is the value of -33 + 33 + (12 - (-9 - -13))?
8
92 + -15 + -11 + 4 + (-52 - -59)
77
Calculate (1 - (-5 - -4)) + 11 - (-54 + 109).
-42
Calculate 2 - -2 - -11 - (-161 + 173).
3
What is -81 + 73 - -26 - (1 - -21) - -8?
4
Calculate (28 - -1 - (-11 + 23)) + -68.
-51
1 + -7 - (-188 - -156)
26
-33245 + 33205 + (-1 - (-3 + 1 + 0 + -10))
-29
Calculate 48 + (5 - -1) + (3 - 18 - (43 - 48)).
44
91 + -9 + 96 + -206
-28
What is -4 - (-67 + 57 + (0 - -2)) - (19 - 0)?
-15
Evaluate 117 + 4 + -87 - -92.
126
What is the value of 2 - ((-49 - -61) + -50 + 2 + 3)?
35
Calculate 38 - 45 - (-101 + 25 - 19).
88
Evaluate (4 - 16) + 0 + (40 - -11) + -9.
30
-50 + -149 - (-112 + 17)
-104
What is the value of 103 - ((22 - (15 - 8)) + -21 - (3 + -7))?
105
What is (28 - -47) + -27 + -31?
17
Evaluate -85 + (-242 + 234 + (3 + -1 - -3) - 2).
-90
(-1 - 0 - -7) + (-29 - -30) + 7
14
What is the value of (-47 - 8) + 5 + (-17 - -1) + 1?
-65
Evaluate (-79 - 4) + -3 - (-17 + 25).
-94
Calculate -3 + -22 + (1 - (-16 - -3) - 1) - 86.
-98
(-94 - -68) + -30 + (-1 - -28)
-29
Calculate -58 - -75 - (17 + (6 - 14)).
8
What is -115 + -122 + 129 + 52?
-56
(12 + 24 - -1) + -74
-37
9 + -9 - (-9 + 2) - (176 + -156)
-13
Evaluate 3 + (16 - 21 - 0) - -6.
4
Evaluate 91 - (19 - (-64 - -44)).
52
What is 13 - ((16 - 27) + 27)?
-3
What is (0 - (-4 + 3)) + 60 + 59 + 0 + -62?
58
What is 54 + (39 - 100) - -71?
64
Calculate -2 + (-61 - (-11 + 12 + -17 - -6)).
-53
Calculate (-9 + -20 - -37 - 32) + -8 + 2.
-30
What is -15 - 38 - -46 - (-6 + 10)?
-11
What is the value of -12 - (-87 - -24 - (4 - (-4 + -4)))?
63
What is the value of (13 - -37) + (0 - -1) + (-18 - -10) - -10?
53
Evaluate 7 + -2 + (-1 - (7 - 6)) + 0.
3
Evaluate ((-11 - (-3 + 1)) + (-14 - -34) - 3) + 16.
24
What is the value of (-48 + -16 - -57) + 4 + 1 + -5 - 105?
-112
What is 57 + -57 + 34 - 15?
19
Evaluate -111 - (14 + (-36 - -13) - -7 - 16).
-93
What is the value of 56 - 94 - (-7 - (6 + -3 - 1))?
-29
290 + -317 + -4 + -23
-54
What is (-23 - 9) + (18 - -4) + 35 + 0?
25
Evaluate 2 + 52 + (130 - 106) + (-12 + -1 - -2).
67
What is 6 + (-3 - 75) + 22 + 0?
-50
Evaluate 40 - (8 - (23 - (-3 - -36))).
22
What is the value of 49 - 0 - (-39 + (-111 - -152))?
47
Evaluate -5 - 6 - (-82 + 16 + -15) - 10.
60
What is 36 - (64 - (14 + 25))?
11
Calculate 0 - 0 - 22 - (-25419 + 25325).
72
What is -56 + (-1 - -85) + -62?
-34
What is the value of 153 + (82 - (7 + 119))?
109
What is the value of (-106 - (2 + -12)) + (-4 - ((1 - 30) + 11))?
-82
Evaluate 5 + (-8 - 17) + (-25 - (-13 + 1)).
-33
What is 47 + 49 + -41 + -26?
29
-10 + 15 + -8 - (9 + -13)
1
What is 0 + 42 + (-20 - (-9 - -9))?
22
Calculate -24 - -28 - (0 + 1 - (-1 + 1 - 2)).
1
Calculate (-32 + 9 - -10 - (19 - 0)) + 6.
-26
Calculate 17 + -7 - (-11 + (6 - 3) + (4 - -23)).
-9
What is the value of -33 - ((92 - 50) + -18)?
-57
17 - (69 + -28 + -52 + -1 + 7)
22
45 + (24 - 22) - 49
-2
What is the value of -14 - (-3 - -3) - ((-22 - (-22 - 21)) + -69)?
34
21 + -3 - (-20 - (-3 - 134) - -9)
-108
Calculate 23 - (16 - 11) - (-10 + -11 + 21).
18
What is the value of 32 + (-17 - 57) + 7 + 4 + -3?
-34
Calculate (-156 - -13) + (10 - -8 - -16).
-109
(41 - -9 - (0 + 1)) + (-180 - -173)
42
What is 54 + (-5 - (21 - 21)) + -16?
33
Calculate 11 - (-30 + 19 - -44) - 56.
-78
Calculate (15 - (4 + (5 - -2) + 13)) + -28.
-37
-5 + (-12 - -9 - (-9 + 5))
-4
What is the value of 8 + -13 + -3 + 11?
3
What is (562 - 287) + -304 + (-1 - -98)?
68
What is the value of -42 - (-34 - (7 + 63))?
62
Evaluate (28 - -12) + (-103 + -5 - -1).
-67
1 + (-5 - 20) + (-108 - -115)
-17
What is 2 + 83 + -85 + (4 - -2)?
6
What is 66 - (4 + -2) - (239 + -142 - 83)?
50
What is -122 + -25 - (-42 - 2 - -10)?
-113
49 + 1 + (1 - 4) - (-1444 - -1451)
40
Evaluate -6 - (3 - ((26 - 36) + 7)) - (1 + -6).
-7
Calculate 32 + 10 - 27 - ((-45 - 6) + -1).
67
Calculate -22 - (17 - (-14 + 60 + -3 - 9)).
-5
Evaluate (1 - -81) + -278 + 300 + 21.
125
Calculate (2 - 22 - 3) + -2263 + 2278.
-8
8 + (29 - 46) + 5 + (13 - 1) + 118
126
0 + 5 + 32 - -5 - (18 - (-21 + 46))
49
Evaluate -31 - -34 - (40 - 31) - (0 - 10).
4
What is the value of -61 + 16 + (8 + -7 - 1) + -27?
-72
Evaluate (-3 - (-17 + 29)) + 10 + (45 - 3).
37
What is (-3 - 2 - 25) + 5 + 23 + -23?
-25
Calculate (48 - 63 - (48 - 6)) + (5 - 4 - 0).
-56
What is the value of 169 - 259 - (-9 + -3 + 6 + -4) - 8?
-88
-4 + (6 - -6) + (-130 - -57) + 12
-53
What is the value of 0 + -7 - (2 - 1) - (-34 + 829 - 784)?
-19
(21 - (-11 + 3)) + (11 - (11 - -1))
28
Calculate (-5 + 11 - 2 - (16 - 5)) + 8 - -28.
29
What is 0 - 37 - (-8 - -140 - 136)?
-33
What is 3 + -75 - (1678 + -1720)?
-30
Evaluate 99 - (-52 - -31) - 11 - 29.
80
Evaluate -9 + -85 + 31 + (-38 - -15).
-86
-7 + 74 - (21 - (-2 - -18))
62
Evaluate -49 - 11 - (-843 + 797).
-14
Calculate -35 - (-133 - -123) - (-56 + -1).
32
Evaluate 8 - (11 + -50 + 38).
9
What is the value of (1 - -2 - (411 + -445)) + -9?
28
-29 - (3 - -1) - (1435 - 1469)
1
Evaluate -18 + 0 + (78 + -5 - 54).
1
Evaluate 19 + (-2 - -2) + -10 + -38.
-29
What is the value of (6 - (-14 + -1)) + -288 + 309?
42
What is -30 + 0 + (-9 + 137 - 5)?
93
What is -6 + -18 + (-1 - -75) + (-8 - -2)?
44
What is 1 + 46 - (43 - (29 - -14))?
47
Evaluate 1 + 57 - (59 + -99 + 34).
64
(-40 - (34 + -54)) + 11 + -2 + -9
-20
What is -36 - (1 + 1 + (-1 - 1)) - (-9087 - -9078)?
-27
What is the value of (40 - -38) + -39 + -7?
32
-3170 - -2979 - (1 - 71)
-121
-4 + -2 - -1 - (-10 - (-5 - -8)) - 3
5
Evaluate 1 + -4 + 6 - ((8 - 15) + 19).
-9
Calculate -4 + (30 - -3) - (-433 + 465).
-3
What is the value of (-81 + 74 - -50) + -62?
-19
Evaluate -10 + 0 + (-7 - (-15 + 0 + (34 - -10))).
-46
What is (-8 - 26) + 11 + -4 + -15?
-42
-45 + 18 - -14 - (-115 + 174)
-72
Evaluate 32 + -113 + 51 + 16.
-14
Calculate (28 + 25 - 27) + -28.
-2
What is -19 + 2 - (-146 - -145)?
-16
What is -33 - (-3 + -2 - ((-27 - -12) + 2))?
-41
Evaluate -116 - -56 - (-48 - -27).
-39
What is -10 + 15 + 3 + (13 - 4) + -15?
2
Calculate (4 - 11 - 37) + 52.
8
Calculate -65 + 55 + -26 + -1.
-37
Calculate -71 + 40 + (108 - 63).
14
Evaluate -63 + (83 + -18 - 22).
-20
What is -78 + (-11 - 9 - -33) + -24?
-89
Calculate 33 + (-12 - (11 + 13 + -5 + -28 + 4)).
26
Calculate -23 - (-637 + 570 + -2 + -16).
62
What is 0 - 109 - (-11107 + 11065)?
-67
What is the value of 2129 + -2249 - (0 + -77)?
-43
Evaluate 4 - (1 - (1 - 15) - 4 - (281 - 170)).
104
-6 - (-18 - -51) - -2
-37
Evaluate 8 + 44 + -63 + -68 + 8.
-71
Calculate (2 - 0) + -35 + 36 - (-126 - 0 - -22).
107
Calculate (-19 - -1) + -18 + 22 - (3 + (30 - 42)).
-5
What is 138 + -79 - (34 + -3)?
28
Evaluate (-131 - -134) + -1 + -5 - (-25 - -1).
21
Calculate -97 - (58 + -350 + 132).
63
Evaluate -6 - -66 - (-19 + -8 + (-7 - -20)).
74
-7 - ((-4 - 4 - 0) + (8 - (-6 + 8)))
-5
Evaluate 55 - ((4 + 0 + 3 - 9) + 10 + -16).
63
What is the value of (0 - 23) + (-26 + 17 - -14)?
-18
-56 + 9 - (18 - 54 - -14)
-25
Evaluate 119 + -88 + -99 - -103.
35
What is 18 + (-80 + -37 - 13) - 1?
-113
Evaluate 3 + 12 + 1 - (-48 - -68).
-4
What is the value of -30 - (6 + -45) - -4?
13
7 + (13 - 0 - (-275 + 288)) - -16
23
What is (34 - (-3 - -5)) + -43 + 27 + 25?
41
What is the value of 119 - ((33 - 48) + 20)?
114
-31 + 15 + (-2 - -37)
19
(73 + -33 - 65) + 113 + 12
100
-25 + (-5 - -22) + -16 + 4 + -3 + -4
-27
-265 - -269 - (3 - (10 - -46))
57
What is the value of (-1 - (-30 + 15)) + (31 - 1) + 18?
62
What is 42 - 5 - 7 - 13 - (5 - (15 - 4